ue
Is 79485865 composite?
True
Is 90599 prime?
True
Is 8799139 a composite number?
True
Is 446970659 composite?
True
Is 172054159 prime?
False
Is 7266113 a composite number?
True
Is 27543073 composite?
False
Is 7348843 composite?
False
Is 371007127 a composite number?
False
Is 2420371 a prime number?
True
Is 257891111 prime?
False
Is 595009603 prime?
True
Is 3688537 composite?
False
Is 7803069 a composite number?
True
Is 1009235 prime?
False
Is 698521969 a prime number?
True
Is 6309547 prime?
True
Is 77703587 prime?
False
Is 471161 a composite number?
False
Is 6185759 a prime number?
True
Is 85987 prime?
False
Is 463759 prime?
False
Is 88074587 prime?
True
Is 2183263 a prime number?
False
Is 230767793 a composite number?
False
Is 51481153 prime?
False
Is 13650191 a prime number?
False
Is 218668414 a composite number?
True
Is 5834921 a composite number?
False
Is 10003087 composite?
False
Is 49893977 composite?
True
Is 20521 a prime number?
True
Is 2458187 a prime number?
False
Is 37241969 a prime number?
True
Is 34038107 a composite number?
True
Is 48044723 a prime number?
False
Is 11415643 a composite number?
False
Is 25748077 prime?
True
Is 4508065 a prime number?
False
Is 2026859 prime?
False
Is 356252297 prime?
True
Is 13027461 a composite number?
True
Is 35008147 prime?
True
Is 337657663 a prime number?
False
Is 12708491 prime?
True
Is 2605249 a prime number?
False
Is 138385097 a prime number?
True
Is 265406597 a composite number?
False
Is 33298193 composite?
True
Is 386674667 a prime number?
False
Is 4650977 composite?
True
Is 51994897 a composite number?
True
Is 3709135 a composite number?
True
Is 6153529 composite?
True
Is 74299477 a prime number?
False
Is 38654167 a prime number?
True
Is 2951143 a prime number?
False
Is 1649489 a prime number?
True
Is 329059 composite?
False
Is 1836551107 a composite number?
True
Is 16708801 a prime number?
True
Is 153667637 prime?
True
Is 307597 a prime number?
False
Is 153779 composite?
True
Is 11852437 composite?
False
Is 5214377 a composite number?
True
Is 3817033 a composite number?
True
Is 16833541 prime?
True
Is 57177581 a prime number?
False
Is 7556429 prime?
False
Is 6779161 composite?
False
Is 19686361 prime?
True
Is 29905721 prime?
True
Is 2836303 a prime number?
True
Is 6220619 composite?
True
Is 1319651 a prime number?
True
Is 2082401 prime?
False
Is 6997733 composite?
False
Is 6803977 prime?
True
Is 13802849 prime?
True
Is 333691 prime?
True
Is 7278673 a composite number?
True
Is 828049 composite?
True
Is 2095117 a composite number?
False
Is 2219915 a composite number?
True
Is 203445311 a prime number?
True
Is 246942301 a composite number?
False
Is 23505853 a composite number?
True
Is 138243359 composite?
True
Is 265363907 a prime number?
True
Is 90729013 a prime number?
True
Is 20972923 a composite number?
True
Is 3207341 composite?
False
Is 2680138 prime?
False
Is 15586423 a composite number?
False
Is 8933473 composite?
True
Is 873311 a prime number?
False
Is 134155841 a prime number?
False
Is 4671503 a prime number?
True
Is 205796285 a prime number?
False
Is 6523719 a prime number?
False
Is 28567543 a composite number?
True
Is 25903051 prime?
False
Is 2003879 composite?
False
Is 21606601 a composite number?
True
Is 323899 a prime number?
True
Is 2973611 prime?
True
Is 12697777 composite?
False
Is 38731331 prime?
True
Is 10805287 a composite number?
True
Is 71473243 composite?
False
Is 375253607 a prime number?
False
Is 3827191 a composite number?
False
Is 54489467 composite?
False
Is 195375319 a prime number?
False
Is 18418019 a prime number?
True
Is 8384153 prime?
False
Is 6241016117 prime?
False
Is 7119977 composite?
False
Is 32296839 prime?
False
Is 1217893 composite?
False
Is 16325963 a composite number?
False
Is 1268068883 a composite number?
True
Is 915007 composite?
False
Is 11977417 composite?
True
Is 7555649 prime?
True
Is 47837 a prime number?
True
Is 2691473 composite?
True
Is 9387623 a prime number?
False
Is 6117833 a prime number?
True
Is 11617799 composite?
False
Is 23002363 prime?
False
Is 9042949 prime?
True
Is 685849 composite?
False
Is 4699471 prime?
False
Is 225319151 a prime number?
True
Is 304456183 prime?
False
Is 5498573 a composite number?
False
Is 83147171 a composite number?
False
Is 169481797 prime?
True
Is 258353 composite?
False
Is 3631377 a prime number?
False
Is 6057659 a prime number?
True
Is 8757979 prime?
False
Is 1276157 a prime number?
True
Is 669353237 a prime number?
False
Is 623795 a composite number?
True
Is 24149357 a composite number?
False
Is 2667221 composite?
False
Is 116593537 a prime number?
False
Is 22965391 a prime number?
True
Is 3346129 prime?
False
Is 2800667 a composite number?
True
Is 130186351 a prime number?
True
Is 5826643 prime?
True
Is 28177883 composite?
False
Is 34029119 a prime number?
True
Is 6364159 composite?
False
Is 7549931 a composite number?
False
Is 12812087 a prime number?
True
Is 279353 prime?
True
Is 4516907 a prime number?
True
Is 86274863 composite?
True
Is 3297169 prime?
False
Is 32594729 prime?
False
Is 22081811 a prime number?
True
Is 70106149 a prime number?
True
Is 79589 a prime number?
True
Is 46193149 composite?
False
Is 3849061 a prime number?
True
Is 583567 composite?
True
Is 4833599 a prime number?
False
Is 368071 a prime number?
False
Is 28412681 a composite number?
True
Is 33962167 a composite number?
False
Is 615414119 prime?
True
Is 307163 a composite number?
False
Is 356131 a prime number?
False
Is 44262877 a prime number?
True
Is 2402707 a prime number?
True
Is 6334981 a composite number?
False
Is 815453 prime?
True
Is 14380981 a composite number?
False
Is 23814671 a composite number?
True
Is 8323847 composite?
True
Is 49388531 a composite number?
False
Is 172093613 prime?
False
Is 147753691 a composite number?
True
Is 32518181 a composite number?
False
Is 1370477 composite?
True
Is 749231 prime?
False
Is 11480101 a prime number?
False
Is 6309509 composite?
False
Is 115431406 a composite number?
True
Is 81722019 a prime number?
False
Is 2873051 a prime number?
False
Is 17890969 composite?
True
Is 507434351 composite?
False
Is 4686811 a prime number?
True
Is 16733597 a composite number?
False
Is 21097235 prime?
False
Is 36705806 composite?
True
Is 52304845 a composite number?
True
Is 65053855 a prime number?
False
Is 7719141 a composite number?
True
Is 4158859 a composite number?
False
Is 7347959 a prime number?
True
Is 14502118 a composite number?
True
Is 528133 composite?
True
Is 1857661 a prime number?
False
Is 515257 prime?
False
Is 4350647 a composite number?
True
Is 1021464965 a prime number?
False
Is 626987 composite?
False
Is 432036049 a prime number?
True
Is 33702203 a composite number?
True
Is 34110799 a composite number?
False
Is 16385209 prime?
True
Is 131181343 composite?
True
Is 4051157 a composite number?
True
Is 3266719 a composite number?
True
Is 247431629 prime?
True
Is 5553131 prime?
False
Is 886129 composite?
False
Is 20660767 composite?
False
Is 9405649 a composite number?
True
Is 2196667 a composite number?
True
Is 1570117 a prime number?
True
Is 5383857 prime?
False
Is 1448717 a composite number?
False
Is 3793453 prime?
False
Is 1102865 prime?
False
Is 169775113 a prime number?
True
Is 138629 prime?
True
Is 16268773 composite?
True
Is 2457698 a prime number?
False
Is 39077689 composite?
True
Is 283832339 a prime number?
False
Is 102216299 a composite number?
False
Is 23609659 a prime number?
False
Is 299855 a composite number?
True
Is 3571357 composite?
True
Is 489016841 prime?
True
Is 12524149 a composite number?
True
Is 52349 prime?
False
Is 1324811 a composite number?
True
Is 2679331 a composite number?
False
Is 228131609 composite?
False
Is 7419661 a composite number?
True
Is 2653271 a composite number?
False
Is 481433 a composite number?
False
Is 454599487 a prime number?
True
Is 64545655 prime?
False
Is 535607 a prime number?
True
Is 4803406 composite?
True
Is 133831597 a prime number?
False
Is 174409427 a composite number?
False
Is 54159815 composite?
True
Is 1486003 prime?
True
Is 50811457 composite?
True
Is 89164601 composite?
False
Is 6014147 composite?
False
Is 3671477 prime?
True
Is 3591383 composite?
False
Is 26702363 composite?
False
Is 3741799 a prime num